{"id":395,"date":"2019-12-17T08:02:30","date_gmt":"2019-12-17T08:02:30","guid":{"rendered":"https:\/\/pc-parts.de\/index.php\/home-3\/"},"modified":"2019-12-17T18:23:14","modified_gmt":"2019-12-17T18:23:14","slug":"home-3","status":"publish","type":"page","link":"https:\/\/pc-parts.de\/","title":{"rendered":"Home"},"content":{"rendered":"<p>Die Firma PC.Parts wurde vor mehr als 20 Jahren gegr\u00fcndet.<\/p>\n<p>Durch Kontinuit\u00e4t und pespektvollem Umgang mit unseren Kunden,<br \/>\nhaben wir es geschafft, uns zu etablieren.<\/p>\n<p>Durch die jahrelange Erfahrung und Zusammenarbeit sind wir in der Lage,<br \/>\nimmer die bestm\u00f6glich IT-L\u00f6sung bereitzustellen und zu betreuen.<\/p>\n<p>Wir w\u00fcnschen Ihnen einen angenehmen Aufenthalt auf unserer Internet-Pr\u00e4senz und w\u00fcrden uns freuen,<br \/>\nSie als einen unserer n\u00e4chsten Kunden begr\u00fc\u00dfen zu d\u00fcrfen.<\/p>\n","protected":false},"excerpt":{"rendered":"<p>Die Firma PC.Parts wurde vor mehr als 20 Jahren gegr\u00fcndet. Durch Kontinuit\u00e4t und pespektvollem Umgang mit unseren Kunden, haben wir es geschafft, uns zu etablieren. Durch die jahrelange Erfahrung und Zusammenarbeit sind wir in der Lage, immer die bestm\u00f6glich IT-L\u00f6sung bereitzustellen und zu betreuen. Wir w\u00fcnschen Ihnen einen angenehmen Aufenthalt auf unserer Internet-Pr\u00e4senz und w\u00fcrden [&hellip;]<\/p>\n","protected":false},"author":1,"featured_media":0,"parent":0,"menu_order":0,"comment_status":"closed","ping_status":"closed","template":"page-templates\/frontpage.php","meta":{"footnotes":""},"class_list":["post-395","page","type-page","status-publish","hentry"],"_links":{"self":[{"href":"https:\/\/pc-parts.de\/index.php\/wp-json\/wp\/v2\/pages\/395","targetHints":{"allow":["GET"]}}],"collection":[{"href":"https:\/\/pc-parts.de\/index.php\/wp-json\/wp\/v2\/pages"}],"about":[{"href":"https:\/\/pc-parts.de\/index.php\/wp-json\/wp\/v2\/types\/page"}],"author":[{"embeddable":true,"href":"https:\/\/pc-parts.de\/index.php\/wp-json\/wp\/v2\/users\/1"}],"replies":[{"embeddable":true,"href":"https:\/\/pc-parts.de\/index.php\/wp-json\/wp\/v2\/comments?post=395"}],"version-history":[{"count":7,"href":"https:\/\/pc-parts.de\/index.php\/wp-json\/wp\/v2\/pages\/395\/revisions"}],"predecessor-version":[{"id":473,"href":"https:\/\/pc-parts.de\/index.php\/wp-json\/wp\/v2\/pages\/395\/revisions\/473"}],"wp:attachment":[{"href":"https:\/\/pc-parts.de\/index.php\/wp-json\/wp\/v2\/media?parent=395"}],"curies":[{"name":"wp","href":"https:\/\/api.w.org\/{rel}","templated":true}]}}